 common factor of 418 and 33?
11
Calculate the greatest common factor of 196 and 2408.
28
Calculate the greatest common divisor of 217 and 31.
31
Calculate the greatest common divisor of 975 and 750.
75
Calculate the highest common divisor of 57 and 969.
57
Calculate the greatest common factor of 21 and 4242.
21
Calculate the greatest common divisor of 3 and 177.
3
What is the greatest common factor of 84 and 476?
28
Calculate the highest common divisor of 848 and 106.
106
What is the highest common divisor of 51 and 119?
17
What is the highest common divisor of 533 and 82?
41
Calculate the highest common divisor of 1768 and 156.
52
Calculate the greatest common divisor of 68 and 1258.
34
What is the highest common divisor of 1528 and 16?
8
What is the greatest common divisor of 2538 and 324?
54
What is the greatest common divisor of 1236 and 18?
6
What is the greatest common factor of 20 and 430?
10
Calculate the greatest common factor of 204 and 78.
6
What is the highest common factor of 418 and 114?
38
What is the highest common divisor of 110 and 1342?
22
What is the greatest common divisor of 8144 and 16?
16
Calculate the highest common factor of 432 and 1566.
54
Calculate the highest common divisor of 114 and 54.
6
Calculate the greatest common factor of 20 and 330.
10
What is the highest common factor of 9704 and 40?
8
Calculate the highest common divisor of 80 and 15.
5
What is the greatest common factor of 249 and 3?
3
What is the highest common factor of 244 and 427?
61
What is the greatest common factor of 40 and 60?
20
Calculate the highest common factor of 72 and 1368.
72
Calculate the greatest common factor of 500 and 4.
4
What is the greatest common divisor of 72 and 4208?
8
Calculate the highest common divisor of 37 and 13.
1
What is the highest common divisor of 195 and 1040?
65
Calculate the highest common factor of 1305 and 377.
29
What is the greatest common divisor of 396 and 572?
44
Calculate the greatest common factor of 138 and 39.
3
Calculate the greatest common divisor of 8082 and 72.
18
What is the highest common factor of 4086 and 4?
2
What is the greatest common factor of 114 and 1938?
114
Calculate the highest common divisor of 53 and 424.
53
What is the highest common factor of 1150 and 46?
46
Calculate the highest common factor of 14782 and 266.
38
What is the greatest common divisor of 16153 and 116?
29
Calculate the greatest common factor of 1685 and 5.
5
What is the highest common divisor of 7447 and 22?
11
Calculate the greatest common factor of 90 and 234.
18
Calculate the highest common divisor of 170 and 1810.
10
What is the greatest common divisor of 126 and 112?
14
Calculate the highest common divisor of 34 and 629.
17
What is the greatest common factor of 12896 and 310?
62
Calculate the greatest common factor of 675 and 25.
25
What is the greatest common divisor of 84 and 1722?
42
Calculate the greatest common factor of 583 and 11.
11
What is the greatest common divisor of 10 and 130?
10
Calculate the highest common divisor of 1462 and 136.
34
What is the greatest common divisor of 2538 and 2106?
54
Calculate the highest common divisor of 899 and 155.
31
What is the highest common factor of 153 and 603?
9
What is the greatest common factor of 7 and 2737?
7
Calculate the highest common factor of 138 and 2208.
138
What is the highest common factor of 92 and 32246?
46
What is the greatest common factor of 188 and 2726?
94
What is the greatest common factor of 64 and 14080?
64
What is the greatest common factor of 1333 and 344?
43
Calculate the greatest common factor of 211 and 1477.
211
Calculate the greatest common factor of 2261 and 119.
119
Calculate the greatest common divisor of 4270 and 84.
14
Calculate the greatest common factor of 10 and 35.
5
What is the greatest common divisor of 2856 and 85?
17
What is the greatest common divisor of 17 and 1343?
17
What is the highest common divisor of 676 and 156?
52
Calculate the greatest common divisor of 9 and 3.
3
Calculate the highest common divisor of 49 and 1155.
7
Calculate the greatest common factor of 300 and 350.
50
Calculate the highest common factor of 2430 and 18.
18
Calculate the highest common factor of 186 and 96.
6
Calculate the greatest common divisor of 27 and 176985.
27
What is the greatest common divisor of 496 and 32?
16
Calculate the highest common factor of 14410 and 110.
110
Calculate the greatest common divisor of 55 and 22.
11
Calculate the greatest common divisor of 45 and 15.
15
What is the greatest common divisor of 164 and 40?
4
What is the highest common divisor of 135 and 15?
15
Calculate the highest common divisor of 153 and 2720.
17
Calculate the highest common factor of 21 and 5.
1
What is the highest common divisor of 9 and 12?
3
Calculate the highest common divisor of 12 and 936.
12
Calculate the greatest common divisor of 48 and 324.
12
Calculate the greatest common divisor of 6318 and 78.
78
Calculate the highest common divisor of 12 and 4371.
3
What is the highest common divisor of 816 and 459?
51
What is the highest common factor of 13 and 65?
13
Calculate the greatest common divisor of 121 and 1815.
121
Calculate the highest common divisor of 272 and 34.
34
What is the greatest common divisor of 7592 and 104?
104
Calculate the greatest common divisor of 10 and 9770.
10
What is the highest common factor of 72 and 171?
9
Calculate the highest common factor of 755 and 5.
5
What is the greatest common divisor of 713 and 23?
23
What is the greatest common factor of 1892 and 638?
22
What is the greatest common divisor of 50 and 1550?
50
What is the highest common factor of 34 and 4369?
17
Calculate the greatest common factor of 21735 and 322.
161
Calculate the greatest common divisor of 6 and 489.
3
Calculate the greatest common divisor of 13253 and 58.
29
Calculate the greatest common divisor of 1412 and 40.
4
Calculate the highest common divisor of 657 and 2263.
73
Calculate the highest common divisor of 19125 and 102.
51
What is the greatest common factor of 24 and 6312?
24
Calculate the greatest common factor of 12518 and 286.
22
Calculate the highest common factor of 3825 and 306.
153
What is the highest common divisor of 456 and 1216?
152
What is the highest common factor of 104 and 260?
52
What is the greatest common factor of 14 and 16?
2
What is the greatest common divisor of 249 and 3?
3
What is the highest common factor of 39 and 1326?
39
What is the greatest common divisor of 2 and 50?
2
What is the greatest common divisor of 386 and 18?
2
What is the greatest common factor of 1876 and 1943?
67
What is the greatest common factor of 4 and 65?
1
What is the greatest common divisor of 407 and 74?
37
Calculate the greatest common factor of 92 and 92.
92
What is the greatest common divisor of 12 and 24?
12
Calculate the greatest common divisor of 88 and 484.
44
What is the highest common factor of 1808 and 16?
16
What is the greatest common divisor of 360 and 40?
40
What is the highest common factor of 95 and 8265?
95
Calculate the greatest common factor of 629 and 185.
37
Calculate the greatest common factor of 4710 and 375.
15
Calculate the highest common factor of 4 and 508.
4
What is the greatest common divisor of 42 and 330?
6
Calculate the greatest common divisor of 161 and 1127.
161
What is the greatest common divisor of 160 and 120?
40
Calculate the greatest common factor of 5660 and 20.
20
What is the highest common factor of 620 and 20?
20
Calculate the highest common divisor of 1180 and 30.
10
Calculate the highest common factor of 4 and 116.
4
Calculate the greatest common factor of 636 and 21942.
318
Calculate the highest common divisor of 4 and 4.
4
What is the greatest common divisor of 812 and 140?
28
What is the highest common factor of 27 and 351?
27
What is the greatest common divisor of 2244 and 33?
33
Calculate the highest common factor of 53 and 6413.
53
What is the greatest common divisor of 35 and 455?
35
Calculate the greatest common factor of 66 and 1056.
66
What is the highest common divisor of 24284 and 52?
52
Calculate the greatest common divisor of 1606 and 22.
22
Calculate the highest common divisor of 486 and 18.
18
What is the highest common divisor of 69 and 437?
23
What is the